{"id":165,"date":"2025-08-29T09:31:59","date_gmt":"2025-08-29T13:31:59","guid":{"rendered":"http:\/\/porta.insopesca.gob.ve\/?page_id=165"},"modified":"2026-03-19T10:50:57","modified_gmt":"2026-03-19T14:50:57","slug":"elementor-165","status":"publish","type":"page","link":"https:\/\/insopesca.gob.ve\/?page_id=165","title":{"rendered":"Nosotros"},"content":{"rendered":"\t\t<div data-elementor-type=\"wp-page\" data-elementor-id=\"165\" class=\"elementor elementor-165\">\n\t\t\t\t\t\t<section class=\"elementor-section elementor-top-section elementor-element elementor-element-75152cea elementor-section-boxed elementor-section-height-default elementor-section-height-default\" data-id=\"75152cea\" data-element_type=\"section\">\n\t\t\t\t\t\t<div class=\"elementor-container elementor-column-gap-default\">\n\t\t\t\t\t\t<\/div>\n\t\t<\/section>\n\t\t\t\t<section class=\"elementor-section elementor-top-section elementor-element elementor-element-32087589 elementor-section-boxed elementor-section-height-default elementor-section-height-default\" data-id=\"32087589\" data-element_type=\"section\">\n\t\t\t\t\t\t<div class=\"elementor-container elementor-column-gap-default\">\n\t\t\t\t\t\t<\/div>\n\t\t<\/section>\n\t\t\t\t<section class=\"elementor-section elementor-top-section elementor-element elementor-element-1a5e489 elementor-section-boxed elementor-section-height-default elementor-section-height-default\" data-id=\"1a5e489\" data-element_type=\"section\">\n\t\t\t\t\t\t<div class=\"elementor-container elementor-column-gap-no\">\n\t\t\t\t\t<div class=\"elementor-column elementor-col-100 elementor-top-column elementor-element elementor-element-206da939\" data-id=\"206da939\" data-element_type=\"column\">\n\t\t\t<div class=\"elementor-widget-wrap elementor-element-populated\">\n\t\t\t\t\t\t<div class=\"elementor-element elementor-element-15f159ca elementor-widget elementor-widget-heading\" data-id=\"15f159ca\" data-element_type=\"widget\" data-widget_type=\"heading.default\">\n\t\t\t\t\t<h2 class=\"elementor-heading-title elementor-size-default\">\u00bfQU\u00c9 ES INSOPESCA?<\/h2>\t\t\t\t<\/div>\n\t\t\t\t<section class=\"elementor-section elementor-inner-section elementor-element elementor-element-5c143886 elementor-section-full_width elementor-section-height-default elementor-section-height-default\" data-id=\"5c143886\" data-element_type=\"section\">\n\t\t\t\t\t\t<div class=\"elementor-container elementor-column-gap-no\">\n\t\t\t\t\t<div class=\"elementor-column elementor-col-100 elementor-inner-column elementor-element elementor-element-1dee3b8\" data-id=\"1dee3b8\" data-element_type=\"column\">\n\t\t\t<div class=\"elementor-widget-wrap elementor-element-populated\">\n\t\t\t\t\t\t<div class=\"elementor-element elementor-element-a8b3ff9 elementor-widget elementor-widget-text-editor\" data-id=\"a8b3ff9\" data-element_type=\"widget\" data-widget_type=\"text-editor.default\">\n\t\t\t\t\t\t\t\t\t<p>El\u00a0<b>Instituto Socialista de la Pesca y Acuicultura (Insopesca)<\/b>\u00a0es el organismo del Estado venezolano encargado de la regulaci\u00f3n, ordenaci\u00f3n, fiscalizaci\u00f3n y promoci\u00f3n del sector pesquero y acu\u00edcola en todo el territorio nacional. Adscrito al Ministerio del Poder Popular de Pesca y Acuicultura, Insopesca funge como la principal autoridad en la materia, velando por el aprovechamiento sostenible de los recursos hidrobiol\u00f3gicos del pa\u00eds.<\/p>\t\t\t\t\t\t\t\t<\/div>\n\t\t\t\t<div class=\"elementor-element elementor-element-270c49e elementor-widget elementor-widget-heading\" data-id=\"270c49e\" data-element_type=\"widget\" data-widget_type=\"heading.default\">\n\t\t\t\t\t<h2 class=\"elementor-heading-title elementor-size-default\">RESE\u00d1A HIST\u00d3RICA<\/h2>\t\t\t\t<\/div>\n\t\t\t\t\t<\/div>\n\t\t<\/div>\n\t\t\t\t\t<\/div>\n\t\t<\/section>\n\t\t\t\t<section class=\"elementor-section elementor-inner-section elementor-element elementor-element-c0fa8f0 elementor-section-full_width elementor-section-height-default elementor-section-height-default\" data-id=\"c0fa8f0\" data-element_type=\"section\">\n\t\t\t\t\t\t<div class=\"elementor-container elementor-column-gap-no\">\n\t\t\t\t\t<div class=\"elementor-column elementor-col-100 elementor-inner-column elementor-element elementor-element-d42a760\" data-id=\"d42a760\" data-element_type=\"column\">\n\t\t\t<div class=\"elementor-widget-wrap elementor-element-populated\">\n\t\t\t\t\t\t<div class=\"elementor-element elementor-element-6a1c914 elementor-widget elementor-widget-text-editor\" data-id=\"6a1c914\" data-element_type=\"widget\" data-widget_type=\"text-editor.default\">\n\t\t\t\t\t\t\t\t\t<p>El Instituto Socialista de la Pesca y Acuicultura (INSOPESCA) es un organismo adscrito al Ministerio del Poder Popular para la Pesca y Acuicultura (MINPESCA). Es el brazo ejecutor institucional del Decreto con Rango, Valor y Fuerza de Ley de Pesca y Acuicultura, cuyos pilares son los principios del desarrollo sustentable.<\/p><p>INSOPESCA orienta sus acciones hacia la ordenaci\u00f3n de los recursos pesqueros y acu\u00edcolas del pa\u00eds con el fin de lograr su aprovechamiento racional y sustentable, en concordancia con el marco legal vigente, ejecutando las pol\u00edticas en la materia dictadas por el MPPPA para fomentar, promover, desarrollar y coordinar las actividades del sector pesquero y acu\u00edcola, en funci\u00f3n del logro del Plan de Desarrollo Econ\u00f3mico y Social de la Naci\u00f3n.<\/p><p>Con esta instituci\u00f3n, las comunidades pesqueras y acu\u00edcolas, as\u00ed como los tripulantes de buques pesqueros nacionales cuyas actividades se regulan en esta nueva Ley, gozan de los beneficios, protecci\u00f3n y trato preferencial en materia pesquera, acuicultora y seguridad\u00a0social.<\/p>\t\t\t\t\t\t\t\t<\/div>\n\t\t\t\t\t<\/div>\n\t\t<\/div>\n\t\t\t\t\t<\/div>\n\t\t<\/section>\n\t\t\t\t<section class=\"elementor-section elementor-inner-section elementor-element elementor-element-5484502 elementor-section-full_width elementor-section-height-default elementor-section-height-default\" data-id=\"5484502\" data-element_type=\"section\">\n\t\t\t\t\t\t<div class=\"elementor-container elementor-column-gap-no\">\n\t\t\t\t\t<div class=\"elementor-column elementor-col-100 elementor-inner-column elementor-element elementor-element-402ddb4\" data-id=\"402ddb4\" data-element_type=\"column\">\n\t\t\t<div class=\"elementor-widget-wrap elementor-element-populated\">\n\t\t\t\t\t\t\t<\/div>\n\t\t<\/div>\n\t\t\t\t\t<\/div>\n\t\t<\/section>\n\t\t\t\t\t<\/div>\n\t\t<\/div>\n\t\t\t\t\t<\/div>\n\t\t<\/section>\n\t\t<div class=\"elementor-element elementor-element-96e49d8 e-flex e-con-boxed e-con e-parent\" data-id=\"96e49d8\" data-element_type=\"container\">\n\t\t\t\t\t<div class=\"e-con-inner\">\n\t\t<div class=\"elementor-element elementor-element-cfd8bfb e-con-full e-flex e-con e-child\" data-id=\"cfd8bfb\" data-element_type=\"container\">\n\t\t\t\t<div class=\"elementor-element elementor-element-fafd916 elementor-widget elementor-widget-heading\" data-id=\"fafd916\" data-element_type=\"widget\" data-widget_type=\"heading.default\">\n\t\t\t\t\t<h2 class=\"elementor-heading-title elementor-size-default\">MISI\u00d3N<\/h2>\t\t\t\t<\/div>\n\t\t\t\t<div class=\"elementor-element elementor-element-6fbb626 elementor-widget elementor-widget-text-editor\" data-id=\"6fbb626\" data-element_type=\"widget\" data-widget_type=\"text-editor.default\">\n\t\t\t\t\t\t\t\t\tOrdenaci\u00f3n de los Recursos pesqueros y acu\u00edcolas del pa\u00eds con el fin de lograr su aprovechamiento responsable y sostenible, en concordancia con el marco legal vigente, ejecutando las pol\u00edticas en la materia dictadas por el Ministerio del Poder Popular para la Pesca y Acuicultura (MINPESCA), para fomentar, promover, desarrollar y coordinar las actividades del sector, en funci\u00f3n del logro de los objetivos contenidos en los planes de desarrollo econ\u00f3micos y sociales de la Naci\u00f3n.\n<br><br>\n<img fetchpriority=\"high\" decoding=\"async\" class=\"alignnone size-full wp-image-194\" src=\"\/wp-content\/uploads\/2025\/08\/laboratorio-para-analisis.png\" alt=\"\" width=\"270\" height=\"200\" \/>\t\t\t\t\t\t\t\t<\/div>\n\t\t\t\t<\/div>\n\t\t<div class=\"elementor-element elementor-element-f2f9b6e e-con-full e-flex e-con e-child\" data-id=\"f2f9b6e\" data-element_type=\"container\">\n\t\t\t\t<div class=\"elementor-element elementor-element-6bd7fd4 elementor-widget elementor-widget-heading\" data-id=\"6bd7fd4\" data-element_type=\"widget\" data-widget_type=\"heading.default\">\n\t\t\t\t\t<h2 class=\"elementor-heading-title elementor-size-default\">VISI\u00d3N<\/h2>\t\t\t\t<\/div>\n\t\t\t\t<div class=\"elementor-element elementor-element-6df5b36 elementor-widget elementor-widget-text-editor\" data-id=\"6df5b36\" data-element_type=\"widget\" data-widget_type=\"text-editor.default\">\n\t\t\t\t\t\t\t\t\tSer el ente oficial promotor y ejecutor de las pol\u00edticas de Estado que garanticen el desarrollo del sector pesquero y acu\u00edcola, en el \u00e1mbito nacional e internacional, con el fin de prestar servicios de alta calidad, eficientes y con personal altamente calificado, comprometido con el logro de los objetivos propuestos y capaz de responder oportunamente a los retos y expectativas que impone el cumplimiento de su misi\u00f3n.         \n<br><br>\n<img decoding=\"async\" class=\"alignnone size-full wp-image-190\" src=\"\/wp-content\/uploads\/2025\/08\/construccion-de-la-embarcacion.png\" alt=\"\" width=\"270\" height=\"200\" \/>\t\t\t\t\t\t\t\t<\/div>\n\t\t\t\t<\/div>\n\t\t\t\t\t<\/div>\n\t\t\t\t<\/div>\n\t\t\t\t<section class=\"elementor-section elementor-top-section elementor-element elementor-element-2a1aed6d elementor-section-boxed elementor-section-height-default elementor-section-height-default\" data-id=\"2a1aed6d\" data-element_type=\"section\" data-settings=\"{&quot;background_background&quot;:&quot;classic&quot;}\">\n\t\t\t\t\t\t<div class=\"elementor-container elementor-column-gap-no\">\n\t\t\t\t\t<div class=\"elementor-column elementor-col-100 elementor-top-column elementor-element elementor-element-3c9dacfa\" data-id=\"3c9dacfa\" data-element_type=\"column\">\n\t\t\t<div class=\"elementor-widget-wrap elementor-element-populated\">\n\t\t\t\t\t\t<div class=\"elementor-element elementor-element-52e07064 elementor-widget elementor-widget-heading\" data-id=\"52e07064\" data-element_type=\"widget\" data-widget_type=\"heading.default\">\n\t\t\t\t\t<h2 class=\"elementor-heading-title elementor-size-default\">M\u00e1ximas Autoridades<\/h2>\t\t\t\t<\/div>\n\t\t\t\t\t<\/div>\n\t\t<\/div>\n\t\t\t\t\t<\/div>\n\t\t<\/section>\n\t\t\t\t<section class=\"elementor-section elementor-top-section elementor-element elementor-element-17f74994 elementor-section-boxed elementor-section-height-default elementor-section-height-default\" data-id=\"17f74994\" data-element_type=\"section\" data-settings=\"{&quot;background_background&quot;:&quot;classic&quot;}\">\n\t\t\t\t\t\t<div class=\"elementor-container elementor-column-gap-custom\">\n\t\t\t\t\t<div class=\"elementor-column elementor-col-50 elementor-top-column elementor-element elementor-element-21082baa\" data-id=\"21082baa\" data-element_type=\"column\">\n\t\t\t<div class=\"elementor-widget-wrap elementor-element-populated\">\n\t\t\t\t\t\t<div class=\"elementor-element elementor-element-3b26bee7 elementor-widget elementor-widget-wpzoom-elementor-addons-team-members\" data-id=\"3b26bee7\" data-element_type=\"widget\" data-widget_type=\"wpzoom-elementor-addons-team-members.default\">\n\t\t\t\t<div class=\"elementor-widget-container\">\n\t\t\t\t\t\n\t\t\t\t\t<figure class=\"wpz-member-figure\">\n\t\t\t\t<img decoding=\"async\" width=\"950\" height=\"950\" src=\"https:\/\/insopesca.gob.ve\/wp-content\/uploads\/2025\/08\/Loyo.jpeg\" class=\"elementor-animation-disable-animation attachment-large size-large wp-image-11\" alt=\"\" sizes=\"100vw\" \/>\t\t\t<\/figure>\n\t\t\n\t\t<div class=\"wpz-member-body\">\n\t\t\t<h2 class=\"wpz-member-name\">Juan Carlos Loyo Hern\u00e1ndez<\/h2>\n\t\t\t\t\t\t\t<div class=\"wpz-member-position\">MINISTRO<\/div>\n\t\t\t\n\t\t\t\t\t\t\t<div class=\"wpz-member-bio\">\n\t\t\t\t\t<p>Ministro del Poder Popular de Pesca y Acuicultura bajo el Decreto N\u00b0 4.679, publicado en Gaceta Oficial N\u00b0 6.6694, de fecha 22 de abril de 2022.<\/p>\n\t\t\t\t<\/div>\n\t\t\t\n\t\t\t\n\t\t\t\t\t\t\t<div class=\"wpz-member-links\">\n\t\t\t\t\t<a target=\"_blank\" rel=\"noopener\" href=\"https:\/\/x.com\/Jcloyo\" class=\"elementor-repeater-item-3f91eaa\"><i class=\"fa-x-twitter fab\" aria-hidden=\"true\"><\/i><\/a><a target=\"_blank\" rel=\"noopener\" href=\"\" class=\"elementor-repeater-item-c34ca6e\"><i class=\"fa-instagram fab\" aria-hidden=\"true\"><\/i><\/a>\t\t\t\t<\/div>\n\t\t\t\n\t\t\t\t\t<\/div>\n\t\t\t\t\t\t<\/div>\n\t\t\t\t<\/div>\n\t\t\t\t\t<\/div>\n\t\t<\/div>\n\t\t\t\t<div class=\"elementor-column elementor-col-50 elementor-top-column elementor-element elementor-element-681f99f6\" data-id=\"681f99f6\" data-element_type=\"column\">\n\t\t\t<div class=\"elementor-widget-wrap elementor-element-populated\">\n\t\t\t\t\t\t<div class=\"elementor-element elementor-element-10d1c377 elementor-widget elementor-widget-wpzoom-elementor-addons-team-members\" data-id=\"10d1c377\" data-element_type=\"widget\" data-widget_type=\"wpzoom-elementor-addons-team-members.default\">\n\t\t\t\t<div class=\"elementor-widget-container\">\n\t\t\t\t\t\n\t\t\t\t\t<figure class=\"wpz-member-figure\">\n\t\t\t\t<img loading=\"lazy\" decoding=\"async\" width=\"950\" height=\"931\" src=\"https:\/\/insopesca.gob.ve\/wp-content\/uploads\/2025\/10\/foto-jefe-1-1024x1004.jpg\" class=\"elementor-animation-disable-animation attachment-large size-large wp-image-1164\" alt=\"\" srcset=\"https:\/\/insopesca.gob.ve\/wp-content\/uploads\/2025\/10\/foto-jefe-1-1024x1004.jpg 1024w, https:\/\/insopesca.gob.ve\/wp-content\/uploads\/2025\/10\/foto-jefe-1-300x294.jpg 300w, https:\/\/insopesca.gob.ve\/wp-content\/uploads\/2025\/10\/foto-jefe-1.jpg 1467w\" sizes=\"100vw\" \/>\t\t\t<\/figure>\n\t\t\n\t\t<div class=\"wpz-member-body\">\n\t\t\t<h2 class=\"wpz-member-name\">Jorge Jos\u00e9 Taj\u00e1n Rodr\u00edguez<\/h2>\n\t\t\t\t\t\t\t<div class=\"wpz-member-position\">VICEALMIRANTE \/ PRESIDENTE<\/div>\n\t\t\t\n\t\t\t\t\t\t\t<div class=\"wpz-member-bio\">\n\t\t\t\t\t<p>Presidente del INSOPESCA bajo el Decreto N\u00b0 4.677, publicado en Gaceta Oficial N\u00b0 42.358 de fecha 18 de abril de 2022.<\/p>\n\t\t\t\t<\/div>\n\t\t\t\n\t\t\t\n\t\t\t\t\t\t\t<div class=\"wpz-member-links\">\n\t\t\t\t\t<a target=\"_blank\" rel=\"noopener\" href=\"https:\/\/x.com\/JorgeTajan3\" class=\"elementor-repeater-item-3f91eaa\"><i class=\"fa-x-twitter fab\" aria-hidden=\"true\"><\/i><\/a><a target=\"_blank\" rel=\"noopener\" href=\"https:\/\/www.instagram.com\/wpzoom\/\" class=\"elementor-repeater-item-7faa19b\"><i class=\"fa-instagram fab\" aria-hidden=\"true\"><\/i><\/a>\t\t\t\t<\/div>\n\t\t\t\n\t\t\t\t\t<\/div>\n\t\t\t\t\t\t<\/div>\n\t\t\t\t<\/div>\n\t\t\t\t\t<\/div>\n\t\t<\/div>\n\t\t\t\t\t<\/div>\n\t\t<\/section>\n\t\t\t\t<section class=\"elementor-section elementor-top-section elementor-element elementor-element-2948c1bf elementor-section-full_width elementor-section-height-default elementor-section-height-default\" data-id=\"2948c1bf\" data-element_type=\"section\">\n\t\t\t\t\t\t<div class=\"elementor-container elementor-column-gap-default\">\n\t\t\t\t\t<div class=\"elementor-column elementor-col-100 elementor-top-column elementor-element elementor-element-638c8d9\" data-id=\"638c8d9\" data-element_type=\"column\" data-settings=\"{&quot;background_background&quot;:&quot;classic&quot;}\">\n\t\t\t<div class=\"elementor-widget-wrap elementor-element-populated\">\n\t\t\t\t\t\t<div class=\"elementor-element elementor-element-2d25ea89 elementor-widget elementor-widget-heading\" data-id=\"2d25ea89\" data-element_type=\"widget\" data-widget_type=\"heading.default\">\n\t\t\t\t\t<h2 class=\"elementor-heading-title elementor-size-default\">DIRECCI\u00d3N<\/h2>\t\t\t\t<\/div>\n\t\t\t\t<div class=\"elementor-element elementor-element-4f6a9480 elementor-widget-tablet__width-inherit elementor-widget-mobile__width-inherit elementor-widget elementor-widget-text-editor\" data-id=\"4f6a9480\" data-element_type=\"widget\" data-widget_type=\"text-editor.default\">\n\t\t\t\t\t\t\t\t\t<p><span class=\"kY2IgmnCmOGjharHErah\">Avenida Lecuna, Torre Este Parque Central, piso 12, 13 y 14, 1015, Distrito Capital.<\/span><\/p>\t\t\t\t\t\t\t\t<\/div>\n\t\t\t\t<div class=\"elementor-element elementor-element-3597a5c2 elementor-widget elementor-widget-google_maps\" data-id=\"3597a5c2\" data-element_type=\"widget\" data-widget_type=\"google_maps.default\">\n\t\t\t\t\t\t\t<div class=\"elementor-custom-embed\">\n\t\t\t<iframe loading=\"lazy\"\n\t\t\t\t\tsrc=\"https:\/\/maps.google.com\/maps?q=insopesca&#038;t=m&#038;z=18&#038;output=embed&#038;iwloc=near\"\n\t\t\t\t\ttitle=\"insopesca\"\n\t\t\t\t\taria-label=\"insopesca\"\n\t\t\t><\/iframe>\n\t\t<\/div>\n\t\t\t\t\t\t<\/div>\n\t\t\t\t\t<\/div>\n\t\t<\/div>\n\t\t\t\t\t<\/div>\n\t\t<\/section>\n\t\t<div class=\"elementor-element elementor-element-c4e984a e-flex e-con-boxed e-con e-parent\" data-id=\"c4e984a\" data-element_type=\"container\">\n\t\t\t\t\t<div class=\"e-con-inner\">\n\t\t\t\t<div class=\"elementor-element elementor-element-3e4f80f elementor-widget elementor-widget-spacer\" data-id=\"3e4f80f\" data-element_type=\"widget\" data-widget_type=\"spacer.default\">\n\t\t\t\t\t\t\t<div class=\"elementor-spacer\">\n\t\t\t<div class=\"elementor-spacer-inner\"><\/div>\n\t\t<\/div>\n\t\t\t\t\t\t<\/div>\n\t\t\t\t\t<\/div>\n\t\t\t\t<\/div>\n\t\t\t\t<\/div>\n\t\t","protected":false},"excerpt":{"rendered":"<p>\u00bfQU\u00c9 ES INSOPESCA? El\u00a0Instituto Socialista de la Pesca y Acuicultura (Insopesca)\u00a0es el organismo del Estado venezolano encargado de la regulaci\u00f3n, ordenaci\u00f3n, fiscalizaci\u00f3n y promoci\u00f3n del sector pesquero y acu\u00edcola en todo el territorio nacional. Adscrito al Ministerio del Poder Popular de Pesca y Acuicultura, Insopesca funge como la principal autoridad en la materia, velando por &hellip; <\/p>\n<p class=\"link-more\"><a href=\"https:\/\/insopesca.gob.ve\/?page_id=165\" class=\"more-link\">Leer m\u00e1s<span class=\"screen-reader-text\"> \u00abNosotros\u00bb<\/span><\/a><\/p>\n","protected":false},"author":1,"featured_media":0,"parent":0,"menu_order":0,"comment_status":"closed","ping_status":"closed","template":"","meta":{"footnotes":""},"class_list":["post-165","page","type-page","status-publish","hentry"],"featured_media_urls":[],"_links":{"self":[{"href":"https:\/\/insopesca.gob.ve\/index.php?rest_route=\/wp\/v2\/pages\/165","targetHints":{"allow":["GET"]}}],"collection":[{"href":"https:\/\/insopesca.gob.ve\/index.php?rest_route=\/wp\/v2\/pages"}],"about":[{"href":"https:\/\/insopesca.gob.ve\/index.php?rest_route=\/wp\/v2\/types\/page"}],"author":[{"embeddable":true,"href":"https:\/\/insopesca.gob.ve\/index.php?rest_route=\/wp\/v2\/users\/1"}],"replies":[{"embeddable":true,"href":"https:\/\/insopesca.gob.ve\/index.php?rest_route=%2Fwp%2Fv2%2Fcomments&post=165"}],"version-history":[{"count":107,"href":"https:\/\/insopesca.gob.ve\/index.php?rest_route=\/wp\/v2\/pages\/165\/revisions"}],"predecessor-version":[{"id":1732,"href":"https:\/\/insopesca.gob.ve\/index.php?rest_route=\/wp\/v2\/pages\/165\/revisions\/1732"}],"wp:attachment":[{"href":"https:\/\/insopesca.gob.ve\/index.php?rest_route=%2Fwp%2Fv2%2Fmedia&parent=165"}],"curies":[{"name":"wp","href":"https:\/\/api.w.org\/{rel}","templated":true}]}}