{"id":253,"date":"2025-09-02T18:05:40","date_gmt":"2025-09-02T22:05:40","guid":{"rendered":"http:\/\/porta.insopesca.gob.ve\/?page_id=253"},"modified":"2025-11-28T15:12:50","modified_gmt":"2025-11-28T19:12:50","slug":"otros-tramites","status":"publish","type":"page","link":"https:\/\/insopesca.gob.ve\/?page_id=253","title":{"rendered":"Otros Tr\u00e1mites"},"content":{"rendered":"\t\t<div data-elementor-type=\"wp-page\" data-elementor-id=\"253\" class=\"elementor elementor-253\">\n\t\t\t\t\t\t<section class=\"elementor-section elementor-top-section elementor-element elementor-element-18cae2a3 elementor-section-boxed elementor-section-height-default elementor-section-height-default\" data-id=\"18cae2a3\" data-element_type=\"section\" data-settings=\"{&quot;background_background&quot;:&quot;classic&quot;}\">\n\t\t\t\t\t\t<div class=\"elementor-container elementor-column-gap-default\">\n\t\t\t\t\t<div class=\"elementor-column elementor-col-100 elementor-top-column elementor-element elementor-element-2b77f31d\" data-id=\"2b77f31d\" data-element_type=\"column\">\n\t\t\t<div class=\"elementor-widget-wrap\">\n\t\t\t\t\t\t\t<\/div>\n\t\t<\/div>\n\t\t\t\t\t<\/div>\n\t\t<\/section>\n\t\t\t\t<section class=\"elementor-section elementor-top-section elementor-element elementor-element-3517f327 elementor-section-boxed elementor-section-height-default elementor-section-height-default\" data-id=\"3517f327\" data-element_type=\"section\">\n\t\t\t\t\t\t<div class=\"elementor-container elementor-column-gap-default\">\n\t\t\t\t\t<div class=\"elementor-column elementor-col-33 elementor-top-column elementor-element elementor-element-6d9751b9\" data-id=\"6d9751b9\" data-element_type=\"column\" data-settings=\"{&quot;background_background&quot;:&quot;classic&quot;}\">\n\t\t\t<div class=\"elementor-widget-wrap elementor-element-populated\">\n\t\t\t\t\t<div class=\"elementor-background-overlay\"><\/div>\n\t\t\t\t\t\t<div class=\"elementor-element elementor-element-04d4951 elementor-widget elementor-widget-image\" data-id=\"04d4951\" data-element_type=\"widget\" data-widget_type=\"image.default\">\n\t\t\t\t\t\t\t\t\t\t\t\t\t\t\t<img fetchpriority=\"high\" decoding=\"async\" width=\"270\" height=\"200\" src=\"https:\/\/insopesca.gob.ve\/wp-content\/uploads\/2025\/08\/recaudacion-de-faena.png\" class=\"attachment-full size-full wp-image-198\" alt=\"\" sizes=\"100vw\" \/>\t\t\t\t\t\t\t\t\t\t\t\t\t\t\t<\/div>\n\t\t\t\t<div class=\"elementor-element elementor-element-43883168 elementor-widget elementor-widget-heading\" data-id=\"43883168\" data-element_type=\"widget\" data-widget_type=\"heading.default\">\n\t\t\t\t\t<h2 class=\"elementor-heading-title elementor-size-default\">Reanudaci\u00f3n de Faenas<\/h2>\t\t\t\t<\/div>\n\t\t\t\t<div class=\"elementor-element elementor-element-733622fb elementor-widget elementor-widget-text-editor\" data-id=\"733622fb\" data-element_type=\"widget\" data-widget_type=\"text-editor.default\">\n\t\t\t\t\t\t\t\t\t<div class=\"et_pb_blurb_description\"><ul><li><strong>Comunicaci\u00f3n dirigida a la Presidencia del Instituto solicitando la reanudaci\u00f3n de faenas del buque pesquero, donde debe indicar: \u00c1rea de pesca, arte de pesca, puerto base y dimensiones del buque.<\/strong><\/li><li><strong>Constancia de haber realizado otra actividad diferente o constancia de varadero emitida por la capitan\u00eda de puerto y el inspector del INSOPESCA (solo para casos de reconversi\u00f3n de artes de pesca y reanudaci\u00f3n de faenas).<\/strong><\/li><li><strong>Permiso de pesca emitido por INSOPESCA (solo para casos de reconversi\u00f3n de artes de pesca y reanudaci\u00f3n de faenas).<\/strong><\/li><li><strong>Fotocopia del informe de inspecci\u00f3n de artes y equipos de pesca, emitido por el INSOPESCA (solo para los casos de reconversi\u00f3n de artes de pesca y reanudaci\u00f3n de faenas).<\/strong><\/li><li><strong>Certificado de arqueo emitido por el Instituto Nacional de Espacios Acu\u00e1ticos (INEA).<\/strong><\/li><li><strong>Dos fotograf\u00edas y plano del buque.<\/strong><\/li><li><strong>Documento comprobatorio de la instalaci\u00f3n de artefactos, equipos o dispositivos de posicionamiento de seguridad emitido por el (INEA).<\/strong><\/li><\/ul><\/div>\t\t\t\t\t\t\t\t<\/div>\n\t\t\t\t\t<\/div>\n\t\t<\/div>\n\t\t\t\t<div class=\"elementor-column elementor-col-33 elementor-top-column elementor-element elementor-element-58653801\" data-id=\"58653801\" data-element_type=\"column\" data-settings=\"{&quot;background_background&quot;:&quot;classic&quot;}\">\n\t\t\t<div class=\"elementor-widget-wrap elementor-element-populated\">\n\t\t\t\t\t<div class=\"elementor-background-overlay\"><\/div>\n\t\t\t\t\t\t<div class=\"elementor-element elementor-element-0e5cfa5 elementor-widget elementor-widget-image\" data-id=\"0e5cfa5\" data-element_type=\"widget\" data-widget_type=\"image.default\">\n\t\t\t\t\t\t\t\t\t\t\t\t\t\t\t<img decoding=\"async\" width=\"270\" height=\"200\" src=\"https:\/\/insopesca.gob.ve\/wp-content\/uploads\/2025\/08\/reconversion-de-artes.png\" class=\"attachment-full size-full wp-image-199\" alt=\"\" sizes=\"100vw\" \/>\t\t\t\t\t\t\t\t\t\t\t\t\t\t\t<\/div>\n\t\t\t\t<div class=\"elementor-element elementor-element-5302a145 elementor-widget elementor-widget-heading\" data-id=\"5302a145\" data-element_type=\"widget\" data-widget_type=\"heading.default\">\n\t\t\t\t\t<h2 class=\"elementor-heading-title elementor-size-default\">Reconversi\u00f3n de artes<\/h2>\t\t\t\t<\/div>\n\t\t\t\t<div class=\"elementor-element elementor-element-76f0bd6f elementor-widget elementor-widget-text-editor\" data-id=\"76f0bd6f\" data-element_type=\"widget\" data-widget_type=\"text-editor.default\">\n\t\t\t\t\t\t\t\t\t<div class=\"et_pb_blurb_description\"><div class=\"et_pb_blurb_description\"><ul><li><strong>Comunicaci\u00f3n dirigida a la Presidencia del Instituto solicitando la reconversi\u00f3n de artes del buque pesquero, donde debe indicar: \u00c1rea de pesca, arte de pesca, puerto base y dimensiones del buque.<\/strong><\/li><li><strong>Constancia de haber realizado otra actividad diferente o constancia de varadero emitida por la capitan\u00eda de puerto y el inspector del INSOPESCA (solo para casos de reconversi\u00f3n de artes de pesca y reanudaci\u00f3n de faenas.)<\/strong><\/li><li><strong>Permiso de pesca emitido por INSOPESCA (solo para casos de reconversi\u00f3n de artes de pesca y reanudaci\u00f3n de faenas.<\/strong><\/li><li><strong>Fotocopia del informe de inspecci\u00f3n de artes y equipos de pesca, emitido por el INSOPESCA (solo para los casos de reconversi\u00f3n de artes de pesca y reanudaci\u00f3n de faenas).<\/strong><\/li><li><strong>Proyecto de inversi\u00f3n del buque pesquero.<\/strong><\/li><li><strong>Informe de inspecci\u00f3n del buque por Capitan\u00eda de Puerto Base.<\/strong><\/li><li><strong>Certificado de arqueo emitido por el Instituto Nacional de Espacios Acu\u00e1ticos (INEA).<\/strong><\/li><li><strong>Dos fotograf\u00edas y plano del buque.<\/strong><\/li><li><strong>Documento comprobatorio de la instalaci\u00f3n de artefactos, equipos o dispositivos de posicionamiento de seguridad exigidos por el INSOPESCA.<\/strong><\/li><\/ul><\/div><\/div>\t\t\t\t\t\t\t\t<\/div>\n\t\t\t\t\t<\/div>\n\t\t<\/div>\n\t\t\t\t<div class=\"elementor-column elementor-col-33 elementor-top-column elementor-element elementor-element-6858812c\" data-id=\"6858812c\" data-element_type=\"column\" data-settings=\"{&quot;background_background&quot;:&quot;classic&quot;}\">\n\t\t\t<div class=\"elementor-widget-wrap elementor-element-populated\">\n\t\t\t\t\t<div class=\"elementor-background-overlay\"><\/div>\n\t\t\t\t\t\t<div class=\"elementor-element elementor-element-114b52f elementor-widget elementor-widget-image\" data-id=\"114b52f\" data-element_type=\"widget\" data-widget_type=\"image.default\">\n\t\t\t\t\t\t\t\t\t\t\t\t\t\t\t<img decoding=\"async\" width=\"270\" height=\"200\" src=\"https:\/\/insopesca.gob.ve\/wp-content\/uploads\/2025\/08\/mayores-de-10-uab.png\" class=\"attachment-full size-full wp-image-195\" alt=\"\" sizes=\"100vw\" \/>\t\t\t\t\t\t\t\t\t\t\t\t\t\t\t<\/div>\n\t\t\t\t<div class=\"elementor-element elementor-element-4b9c1cb9 elementor-widget elementor-widget-heading\" data-id=\"4b9c1cb9\" data-element_type=\"widget\" data-widget_type=\"heading.default\">\n\t\t\t\t\t<h2 class=\"elementor-heading-title elementor-size-default\">Mayores de 10 UAB<\/h2>\t\t\t\t<\/div>\n\t\t\t\t<div class=\"elementor-element elementor-element-27230158 elementor-widget elementor-widget-text-editor\" data-id=\"27230158\" data-element_type=\"widget\" data-widget_type=\"text-editor.default\">\n\t\t\t\t\t\t\t\t\t<div class=\"et_pb_blurb_description\"><div class=\"et_pb_blurb_description\"><ul><li><strong>Comunicaci\u00f3n dirigida a la Presidencia del Instituto solicitando la incorporaci\u00f3n a la flota del buque pesquero, donde debe indicar: \u00c1rea de pesca, arte de pesca, puerto base y dimensiones del buque.<\/strong><\/li><li><strong>Inspecci\u00f3n de Artes y Equipos de aparejos de pesca.<\/strong><\/li><li><strong>Informe de inspecci\u00f3n del buque por Capitan\u00eda de Puerto Base.<\/strong><\/li><li><strong>Certificado de arqueo emitido por el Instituto Nacional de Espacios Acu\u00e1ticos (INEA).<\/strong><\/li><li><strong>Dos fotograf\u00edas y plano del buque.<\/strong><\/li><li><strong>Documento comprobatorio de la instalaci\u00f3n de artefactos, equipos o dispositivos de posicionamiento de seguridad exigidos por el INSOPESCA.<\/strong><\/li><\/ul><\/div><\/div>\t\t\t\t\t\t\t\t<\/div>\n\t\t\t\t\t<\/div>\n\t\t<\/div>\n\t\t\t\t\t<\/div>\n\t\t<\/section>\n\t\t\t\t<section class=\"elementor-section elementor-top-section elementor-element elementor-element-4802ab2 elementor-section-boxed elementor-section-height-default elementor-section-height-default\" data-id=\"4802ab2\" data-element_type=\"section\">\n\t\t\t\t\t\t<div class=\"elementor-container elementor-column-gap-default\">\n\t\t\t\t\t<div class=\"elementor-column elementor-col-33 elementor-top-column elementor-element elementor-element-8971c4b\" data-id=\"8971c4b\" data-element_type=\"column\" data-settings=\"{&quot;background_background&quot;:&quot;classic&quot;}\">\n\t\t\t<div class=\"elementor-widget-wrap elementor-element-populated\">\n\t\t\t\t\t<div class=\"elementor-background-overlay\"><\/div>\n\t\t\t\t\t\t<div class=\"elementor-element elementor-element-f77aa53 elementor-widget elementor-widget-image\" data-id=\"f77aa53\" data-element_type=\"widget\" data-widget_type=\"image.default\">\n\t\t\t\t\t\t\t\t\t\t\t\t\t\t\t<img loading=\"lazy\" decoding=\"async\" width=\"270\" height=\"200\" src=\"https:\/\/insopesca.gob.ve\/wp-content\/uploads\/2025\/08\/construccion-de-la-embarcacion.png\" class=\"attachment-full size-full wp-image-190\" alt=\"\" sizes=\"100vw\" \/>\t\t\t\t\t\t\t\t\t\t\t\t\t\t\t<\/div>\n\t\t\t\t<div class=\"elementor-element elementor-element-d87f234 elementor-widget elementor-widget-heading\" data-id=\"d87f234\" data-element_type=\"widget\" data-widget_type=\"heading.default\">\n\t\t\t\t\t<h2 class=\"elementor-heading-title elementor-size-default\">Contrucci\u00f3n de la Embarcaci\u00f3n<\/h2>\t\t\t\t<\/div>\n\t\t\t\t<div class=\"elementor-element elementor-element-b292630 elementor-widget elementor-widget-text-editor\" data-id=\"b292630\" data-element_type=\"widget\" data-widget_type=\"text-editor.default\">\n\t\t\t\t\t\t\t\t\t<div class=\"et_pb_blurb_description\"><ul><li><strong>Comunicaci\u00f3n dirigida a la Presidencia del Instituto solicitando la Construcci\u00f3n del buque pesquero, donde debe indicar: \u00c1rea de pesca, arte de pesca, puerto base y dimensiones del buque.<\/strong><\/li><li><strong>Proyecto de Construcci\u00f3n del Buque Pesquero, contentivo con la informaci\u00f3n de la pesquer\u00eda que ejerce el buque, seg\u00fan la gu\u00eda de Formulaci\u00f3n y Evaluaci\u00f3n de Proyectos de Inversi\u00f3n de Buques Pesqueros.<\/strong><\/li><li><strong>Informe de inspecci\u00f3n del buque por Capitan\u00eda de Puerto Base.<\/strong><\/li><li><strong>Certificado de arqueo emitido por el Instituto Nacional de Espacios Acu\u00e1ticos (INEA).<\/strong><\/li><li><strong>Dos fotograf\u00edas y plano del buque.<\/strong><\/li><li><strong>Documento comprobatorio de la instalaci\u00f3n de artefactos, equipos o dispositivos de posicionamiento de seguridad emitido por el (INEA).<\/strong><\/li><\/ul><\/div>\t\t\t\t\t\t\t\t<\/div>\n\t\t\t\t\t<\/div>\n\t\t<\/div>\n\t\t\t\t<div class=\"elementor-column elementor-col-33 elementor-top-column elementor-element elementor-element-475c54f\" data-id=\"475c54f\" data-element_type=\"column\" data-settings=\"{&quot;background_background&quot;:&quot;classic&quot;}\">\n\t\t\t<div class=\"elementor-widget-wrap elementor-element-populated\">\n\t\t\t\t\t<div class=\"elementor-background-overlay\"><\/div>\n\t\t\t\t\t\t<div class=\"elementor-element elementor-element-67a01a8 elementor-widget elementor-widget-image\" data-id=\"67a01a8\" data-element_type=\"widget\" data-widget_type=\"image.default\">\n\t\t\t\t\t\t\t\t\t\t\t\t\t\t\t<img loading=\"lazy\" decoding=\"async\" width=\"270\" height=\"200\" src=\"https:\/\/insopesca.gob.ve\/wp-content\/uploads\/2025\/08\/menores-de-10-uab.png\" class=\"attachment-full size-full wp-image-196\" alt=\"\" sizes=\"100vw\" \/>\t\t\t\t\t\t\t\t\t\t\t\t\t\t\t<\/div>\n\t\t\t\t<div class=\"elementor-element elementor-element-fabe0b1 elementor-widget elementor-widget-heading\" data-id=\"fabe0b1\" data-element_type=\"widget\" data-widget_type=\"heading.default\">\n\t\t\t\t\t<h2 class=\"elementor-heading-title elementor-size-default\">Menores de 10 UAB<\/h2>\t\t\t\t<\/div>\n\t\t\t\t<div class=\"elementor-element elementor-element-2f012e6 elementor-widget elementor-widget-text-editor\" data-id=\"2f012e6\" data-element_type=\"widget\" data-widget_type=\"text-editor.default\">\n\t\t\t\t\t\t\t\t\t<div class=\"et_pb_blurb_description\"><div class=\"et_pb_blurb_description\"><ul><li><strong>Fotocopia del Permiso de pesca (tipo A) vigente, a personas naturales que exploten la pesca comercial artesanal, conforme a lo establecido en el Decreto N\u00ba 5.930.<\/strong><\/li><li><strong>Fotocopia del documento que acredite la propiedad del buque, factura o nota de construcci\u00f3n distinta al otorgado por el INEA.<\/strong><\/li><li><strong>Llenar la planilla de solicitud de incorporaci\u00f3n a la flota pesquera nacional.<\/strong><\/li><\/ul><\/div><\/div>\t\t\t\t\t\t\t\t<\/div>\n\t\t\t\t\t<\/div>\n\t\t<\/div>\n\t\t\t\t<div class=\"elementor-column elementor-col-33 elementor-top-column elementor-element elementor-element-863ccba\" data-id=\"863ccba\" data-element_type=\"column\" data-settings=\"{&quot;background_background&quot;:&quot;classic&quot;}\">\n\t\t\t<div class=\"elementor-widget-wrap elementor-element-populated\">\n\t\t\t\t\t<div class=\"elementor-background-overlay\"><\/div>\n\t\t\t\t\t\t<div class=\"elementor-element elementor-element-3cab75c elementor-widget elementor-widget-image\" data-id=\"3cab75c\" data-element_type=\"widget\" data-widget_type=\"image.default\">\n\t\t\t\t\t\t\t\t\t\t\t\t\t\t\t<img loading=\"lazy\" decoding=\"async\" width=\"270\" height=\"200\" src=\"https:\/\/insopesca.gob.ve\/wp-content\/uploads\/2025\/08\/flota-atuanera.png\" class=\"attachment-full size-full wp-image-192\" alt=\"\" sizes=\"100vw\" \/>\t\t\t\t\t\t\t\t\t\t\t\t\t\t\t<\/div>\n\t\t\t\t<div class=\"elementor-element elementor-element-d546bd9 elementor-widget elementor-widget-heading\" data-id=\"d546bd9\" data-element_type=\"widget\" data-widget_type=\"heading.default\">\n\t\t\t\t\t<h2 class=\"elementor-heading-title elementor-size-default\">Flota Palangrera-Atunera<\/h2>\t\t\t\t<\/div>\n\t\t\t\t<div class=\"elementor-element elementor-element-229b003 elementor-widget elementor-widget-text-editor\" data-id=\"229b003\" data-element_type=\"widget\" data-widget_type=\"text-editor.default\">\n\t\t\t\t\t\t\t\t\t<div class=\"et_pb_blurb_description\"><div class=\"et_pb_blurb_description\"><ul><li><strong>Comunicaci\u00f3n dirigida a la Presidencia del Instituto solicitando la incorporaci\u00f3n a la flota palangrera atunera, donde debe indicar: \u00c1rea de pesca, arte de pesca, puerto base y dimensiones del buque.<\/strong><\/li><li><strong>Documento complementario contentivo de los siguientes datos: \u00e1rea de pesca en dimensiones del buque (eslora, manga, puntal) y a\u00f1o de construcci\u00f3n.<\/strong><\/li><li><strong>Dos fotograf\u00edas y plano del buque.<\/strong><\/li><li><strong>Certificado Internacional de arqueo (preferiblemente definitivo).<\/strong><\/li><li><strong>Patente de navegaci\u00f3n.<\/strong><\/li><li><strong>N\u00b0 de IMO<\/strong><\/li><li><strong>Certificado internacional de Radiotelefon\u00eda.<\/strong><\/li><li><strong>Permisos de pesca anteriores o matr\u00edculas.<\/strong><\/li><\/ul><\/div><\/div>\t\t\t\t\t\t\t\t<\/div>\n\t\t\t\t\t<\/div>\n\t\t<\/div>\n\t\t\t\t\t<\/div>\n\t\t<\/section>\n\t\t<div class=\"elementor-element elementor-element-7d119bf e-flex e-con-boxed e-con e-parent\" data-id=\"7d119bf\" data-element_type=\"container\">\n\t\t\t\t\t<div class=\"e-con-inner\">\n\t\t\t\t<div class=\"elementor-element elementor-element-5b11742 elementor-widget elementor-widget-spacer\" data-id=\"5b11742\" data-element_type=\"widget\" data-widget_type=\"spacer.default\">\n\t\t\t\t\t\t\t<div class=\"elementor-spacer\">\n\t\t\t<div class=\"elementor-spacer-inner\"><\/div>\n\t\t<\/div>\n\t\t\t\t\t\t<\/div>\n\t\t\t\t\t<\/div>\n\t\t\t\t<\/div>\n\t\t<div class=\"elementor-element elementor-element-74b8625 e-flex e-con-boxed e-con e-parent\" data-id=\"74b8625\" data-element_type=\"container\">\n\t\t\t\t\t<div class=\"e-con-inner\">\n\t\t\t\t<div class=\"elementor-element elementor-element-0148494 elementor-widget elementor-widget-spacer\" data-id=\"0148494\" data-element_type=\"widget\" data-widget_type=\"spacer.default\">\n\t\t\t\t\t\t\t<div class=\"elementor-spacer\">\n\t\t\t<div class=\"elementor-spacer-inner\"><\/div>\n\t\t<\/div>\n\t\t\t\t\t\t<\/div>\n\t\t\t\t\t<\/div>\n\t\t\t\t<\/div>\n\t\t\t\t<\/div>\n\t\t","protected":false},"excerpt":{"rendered":"<p>Reanudaci\u00f3n de Faenas Comunicaci\u00f3n dirigida a la Presidencia del Instituto solicitando la reanudaci\u00f3n de faenas del buque pesquero, donde debe indicar: \u00c1rea de pesca, arte de pesca, puerto base y dimensiones del buque. Constancia de haber realizado otra actividad diferente o constancia de varadero emitida por la capitan\u00eda de puerto y el inspector del INSOPESCA &hellip; <\/p>\n<p class=\"link-more\"><a href=\"https:\/\/insopesca.gob.ve\/?page_id=253\" class=\"more-link\">Leer m\u00e1s<span class=\"screen-reader-text\"> \u00abOtros Tr\u00e1mites\u00bb<\/span><\/a><\/p>\n","protected":false},"author":1,"featured_media":0,"parent":0,"menu_order":0,"comment_status":"closed","ping_status":"closed","template":"","meta":{"footnotes":""},"class_list":["post-253","page","type-page","status-publish","hentry"],"featured_media_urls":[],"_links":{"self":[{"href":"https:\/\/insopesca.gob.ve\/index.php?rest_route=\/wp\/v2\/pages\/253","targetHints":{"allow":["GET"]}}],"collection":[{"href":"https:\/\/insopesca.gob.ve\/index.php?rest_route=\/wp\/v2\/pages"}],"about":[{"href":"https:\/\/insopesca.gob.ve\/index.php?rest_route=\/wp\/v2\/types\/page"}],"author":[{"embeddable":true,"href":"https:\/\/insopesca.gob.ve\/index.php?rest_route=\/wp\/v2\/users\/1"}],"replies":[{"embeddable":true,"href":"https:\/\/insopesca.gob.ve\/index.php?rest_route=%2Fwp%2Fv2%2Fcomments&post=253"}],"version-history":[{"count":28,"href":"https:\/\/insopesca.gob.ve\/index.php?rest_route=\/wp\/v2\/pages\/253\/revisions"}],"predecessor-version":[{"id":1580,"href":"https:\/\/insopesca.gob.ve\/index.php?rest_route=\/wp\/v2\/pages\/253\/revisions\/1580"}],"wp:attachment":[{"href":"https:\/\/insopesca.gob.ve\/index.php?rest_route=%2Fwp%2Fv2%2Fmedia&parent=253"}],"curies":[{"name":"wp","href":"https:\/\/api.w.org\/{rel}","templated":true}]}}