{"id":258,"date":"2025-09-02T18:11:10","date_gmt":"2025-09-02T22:11:10","guid":{"rendered":"http:\/\/porta.insopesca.gob.ve\/?page_id=258"},"modified":"2025-11-28T15:13:41","modified_gmt":"2025-11-28T19:13:41","slug":"exportacion-e-importacion","status":"publish","type":"page","link":"https:\/\/insopesca.gob.ve\/?page_id=258","title":{"rendered":"Exportaci\u00f3n e Importaci\u00f3n"},"content":{"rendered":"\t\t<div data-elementor-type=\"wp-page\" data-elementor-id=\"258\" class=\"elementor elementor-258\">\n\t\t\t\t\t\t<section class=\"elementor-section elementor-top-section elementor-element elementor-element-6d287d2c elementor-section-boxed elementor-section-height-default elementor-section-height-default\" data-id=\"6d287d2c\" data-element_type=\"section\" data-settings=\"{&quot;background_background&quot;:&quot;classic&quot;}\">\n\t\t\t\t\t\t<div class=\"elementor-container elementor-column-gap-default\">\n\t\t\t\t\t<div class=\"elementor-column elementor-col-100 elementor-top-column elementor-element elementor-element-653e7ae6\" data-id=\"653e7ae6\" data-element_type=\"column\">\n\t\t\t<div class=\"elementor-widget-wrap\">\n\t\t\t\t\t\t\t<\/div>\n\t\t<\/div>\n\t\t\t\t\t<\/div>\n\t\t<\/section>\n\t\t\t\t<section class=\"elementor-section elementor-top-section elementor-element elementor-element-14f1d21d elementor-section-full_width elementor-section-height-default elementor-section-height-default\" data-id=\"14f1d21d\" data-element_type=\"section\">\n\t\t\t\t\t\t<div class=\"elementor-container elementor-column-gap-default\">\n\t\t\t\t\t<div class=\"elementor-column elementor-col-50 elementor-top-column elementor-element elementor-element-14e97b6e\" data-id=\"14e97b6e\" data-element_type=\"column\" data-settings=\"{&quot;background_background&quot;:&quot;classic&quot;}\">\n\t\t\t<div class=\"elementor-widget-wrap elementor-element-populated\">\n\t\t\t\t\t<div class=\"elementor-background-overlay\"><\/div>\n\t\t\t\t\t\t<div class=\"elementor-element elementor-element-ce45e5c elementor-widget elementor-widget-image\" data-id=\"ce45e5c\" data-element_type=\"widget\" data-widget_type=\"image.default\">\n\t\t\t\t\t\t\t\t\t\t\t\t\t\t\t<img fetchpriority=\"high\" decoding=\"async\" width=\"270\" height=\"200\" src=\"https:\/\/insopesca.gob.ve\/wp-content\/uploads\/2025\/08\/tramite-de-exportacion.png\" class=\"attachment-full size-full wp-image-203\" alt=\"\" sizes=\"100vw\" \/>\t\t\t\t\t\t\t\t\t\t\t\t\t\t\t<\/div>\n\t\t\t\t<div class=\"elementor-element elementor-element-31a87df3 elementor-widget elementor-widget-heading\" data-id=\"31a87df3\" data-element_type=\"widget\" data-widget_type=\"heading.default\">\n\t\t\t\t\t<h2 class=\"elementor-heading-title elementor-size-default\">Tr\u00e1mite de Exportaci\u00f3n<\/h2>\t\t\t\t<\/div>\n\t\t\t\t<div class=\"elementor-element elementor-element-51a65464 elementor-widget elementor-widget-text-editor\" data-id=\"51a65464\" data-element_type=\"widget\" data-widget_type=\"text-editor.default\">\n\t\t\t\t\t\t\t\t\t<ul><li><strong>El usuario debe estar registrado en el Sistema de Tr\u00e1mites Insopesca para proceder a realizar la solicitud de Inspecci\u00f3n.<\/strong><\/li><li><strong>Ya verificada la inspecci\u00f3n, se otorga el registro de empresa.<\/strong><\/li><li><strong>El usuario a trav\u00e9s del Sistema de Tr\u00e1mites Insopesca realiza la solicitud de Certificado de Exportaci\u00f3n.<\/strong><\/li><li><strong>La oficina de Administraci\u00f3n y Finanzas valida que los pagos est\u00e9n en cuenta y luego es remitido GTVC, la cual evaluar\u00e1 y verificar\u00e1 que los datos suministrados est\u00e9n acordes a lo establecido en el Arancel de Aduanas y Registro de empresas.<\/strong><\/li><li><strong>GTVC env\u00eda la solicitud al comit\u00e9 evaluador, luego el Gerente de TVC remite a la bandeja del ciudadano Presidente de Insopesca para su Aprobaci\u00f3n.<\/strong><\/li><li><strong>Los funcionarios de Insopesca en conjunto con los diferentes entes involucrados, realizan el Reconocimiento en; Patio (Puerto), Planta, Almac\u00e9n (Aeropuerto) y Terrestre, para velar y garantizar que la documentaci\u00f3n suministrada sea la correcta con el producto inspeccionado<\/strong><\/li><\/ul>\t\t\t\t\t\t\t\t<\/div>\n\t\t\t\t\t<\/div>\n\t\t<\/div>\n\t\t\t\t<div class=\"elementor-column elementor-col-50 elementor-top-column elementor-element elementor-element-66577007\" data-id=\"66577007\" data-element_type=\"column\" data-settings=\"{&quot;background_background&quot;:&quot;classic&quot;}\">\n\t\t\t<div class=\"elementor-widget-wrap elementor-element-populated\">\n\t\t\t\t\t<div class=\"elementor-background-overlay\"><\/div>\n\t\t\t\t\t\t<div class=\"elementor-element elementor-element-416338e elementor-widget elementor-widget-image\" data-id=\"416338e\" data-element_type=\"widget\" data-widget_type=\"image.default\">\n\t\t\t\t\t\t\t\t\t\t\t\t\t\t\t<img decoding=\"async\" width=\"270\" height=\"200\" src=\"https:\/\/insopesca.gob.ve\/wp-content\/uploads\/2025\/08\/centro-de-acopio.png\" class=\"attachment-full size-full wp-image-188\" alt=\"\" sizes=\"100vw\" \/>\t\t\t\t\t\t\t\t\t\t\t\t\t\t\t<\/div>\n\t\t\t\t<div class=\"elementor-element elementor-element-2b55bc9a elementor-widget elementor-widget-heading\" data-id=\"2b55bc9a\" data-element_type=\"widget\" data-widget_type=\"heading.default\">\n\t\t\t\t\t<h2 class=\"elementor-heading-title elementor-size-default\">Tr\u00e1mite de Importaci\u00f3n<\/h2>\t\t\t\t<\/div>\n\t\t\t\t<div class=\"elementor-element elementor-element-fc713e9 elementor-widget elementor-widget-text-editor\" data-id=\"fc713e9\" data-element_type=\"widget\" data-widget_type=\"text-editor.default\">\n\t\t\t\t\t\t\t\t\t<div class=\"et_pb_blurb_description\"><div class=\"et_pb_blurb_description\"><ul><li><strong>Registro sanitario de establecimiento tipo 3 (SACS)<\/strong><\/li><li><strong>Planilla de solicitud para importar (INSOPESCA)<\/strong><\/li><li><strong>Copia de registro ante INSOPESCA<\/strong><\/li><li><strong>Certificado de inspecci\u00f3n vigente (INSOPESCA)<\/strong><\/li><li><strong>Factura comercial del producto<\/strong><\/li><li><strong>Certificado de origen del producto<\/strong><\/li><li><strong>BL del producto<\/strong><\/li><li><strong>Carta explicativa de uso y destino<\/strong><\/li><li><strong>An\u00e1lisis de laboratorio de la especie<\/strong><\/li><li><strong>Nombre de la granja a donde se va a utilizar el producto a importar (S\u00f3lo para productos acu\u00edcolas)<\/strong><\/li><\/ul><\/div><\/div>\t\t\t\t\t\t\t\t<\/div>\n\t\t\t\t\t<\/div>\n\t\t<\/div>\n\t\t\t\t\t<\/div>\n\t\t<\/section>\n\t\t\t\t<\/div>\n\t\t","protected":false},"excerpt":{"rendered":"<p>Tr\u00e1mite de Exportaci\u00f3n El usuario debe estar registrado en el Sistema de Tr\u00e1mites Insopesca para proceder a realizar la solicitud de Inspecci\u00f3n. Ya verificada la inspecci\u00f3n, se otorga el registro de empresa. El usuario a trav\u00e9s del Sistema de Tr\u00e1mites Insopesca realiza la solicitud de Certificado de Exportaci\u00f3n. La oficina de Administraci\u00f3n y Finanzas valida &hellip; <\/p>\n<p class=\"link-more\"><a href=\"https:\/\/insopesca.gob.ve\/?page_id=258\" class=\"more-link\">Leer m\u00e1s<span class=\"screen-reader-text\"> \u00abExportaci\u00f3n e Importaci\u00f3n\u00bb<\/span><\/a><\/p>\n","protected":false},"author":1,"featured_media":0,"parent":0,"menu_order":0,"comment_status":"closed","ping_status":"closed","template":"","meta":{"footnotes":""},"class_list":["post-258","page","type-page","status-publish","hentry"],"featured_media_urls":[],"_links":{"self":[{"href":"https:\/\/insopesca.gob.ve\/index.php?rest_route=\/wp\/v2\/pages\/258","targetHints":{"allow":["GET"]}}],"collection":[{"href":"https:\/\/insopesca.gob.ve\/index.php?rest_route=\/wp\/v2\/pages"}],"about":[{"href":"https:\/\/insopesca.gob.ve\/index.php?rest_route=\/wp\/v2\/types\/page"}],"author":[{"embeddable":true,"href":"https:\/\/insopesca.gob.ve\/index.php?rest_route=\/wp\/v2\/users\/1"}],"replies":[{"embeddable":true,"href":"https:\/\/insopesca.gob.ve\/index.php?rest_route=%2Fwp%2Fv2%2Fcomments&post=258"}],"version-history":[{"count":40,"href":"https:\/\/insopesca.gob.ve\/index.php?rest_route=\/wp\/v2\/pages\/258\/revisions"}],"predecessor-version":[{"id":1586,"href":"https:\/\/insopesca.gob.ve\/index.php?rest_route=\/wp\/v2\/pages\/258\/revisions\/1586"}],"wp:attachment":[{"href":"https:\/\/insopesca.gob.ve\/index.php?rest_route=%2Fwp%2Fv2%2Fmedia&parent=258"}],"curies":[{"name":"wp","href":"https:\/\/api.w.org\/{rel}","templated":true}]}}